 + 61, -l + 19 = l - r. What is the units digit of l?
2
Suppose -15 = 3*b - 0*b. Let f(m) = -m**3 - 5*m**2 - m + 6. What is the tens digit of f(b)?
1
Let v = 0 + 6. Let m(q) = 2*q - 5. Let w be m(v). Suppose 17 = 3*x - w. What is the units digit of x?
8
Suppose -3*c + 5 + 4 = 0. Suppose -2*i - c - 3 = 0. What is the units digit of ((-5)/3 + -2)*i?
1
Suppose -2 = -i + 2*y, -7*i + 3*y = -3*i + 2. Let g be 2/2*(-1 - i). Suppose -1 = -s, -g + 38 = 5*m + 2*s. What is the units digit of m?
7
Let n be (-6)/7*(-35)/5. Let q = n - 2. What is the units digit of q?
4
Suppose -2*c + 6 = -0. Suppose -3*y + 2*v = -30, 10 = c*y - 4*v - 14. Suppose -y = -b - 3*b. What is the units digit of b?
3
Let y = -2 + -1. Let p = y + 1. What is the units digit of (-2)/(-4)*p*-11?
1
Suppose 2*c - 2 - 10 = 0. Let m(s) = -s**3 + 6*s**2. Let g be m(c). Suppose -3*t + g + 2 = -q, 0 = q - 5*t + 8. What is the units digit of q?
7
Suppose 0 = 5*q - 424 - 46. What is the tens digit of q?
9
Let n(g) = 7*g**2 - 2*g - 3. Let j be n(3). Suppose v - 4 = -d + 2, -5*d + v = -j. What is the units digit of d?
0
Suppose 1 + 2 = 3*v. Let q = -3 + v. Let z = q + 3. What is the units digit of z?
1
Let q(y) = 2*y. Let i = -10 + 7. Let d be q(i). Let x(c) = -c**3 - 6*c**2 - c. What is the units digit of x(d)?
6
Suppose h - x + 3 = 5, -34 = -5*h - 3*x. Suppose c + 20 = n, -5*c = h*n - 0*n - 60. What is the units digit of n?
6
Let p(v) = -v**3 + 10*v**2 - v + 8. What is the hundreds digit of p(5)?
1
Let d = 4 - 0. Let n = -9 + d. What is the units digit of -1 - n - (-10)/5?
6
Suppose 6*i - i = 3*s + 8544, 4*i - 6848 = -4*s. Let b be (-2)/5 - i/(-25). Suppose -3*u = u - b. What is the tens digit of u?
1
Let g(h) = 5*h**3 + h**2 - 2*h + 1. Let n be g(1). Suppose 3*l - 12 = -n*w + 31, 0 = l - 3*w - 5. What is the units digit of l?
1
Let n = -5 + 5. Let a = 3 + n. Suppose 0 = a*c + 3*d - 63, 3*d = 5*c - d - 69. What is the tens digit of c?
1
Let j(w) = 23*w**3 + 2*w**2 - 3*w + 2. Let s be j(2). Suppose -4*x = -s + 56. What is the tens digit of x?
3
Let k = 8 + -12. Let h(r) = -r. Let c be h(-1). What is the units digit of (10 - k/2)/c?
2
Let p be (2 + -4)/(6/(-63)). Suppose -i - 3*l - 7 = 0, 0*i + l - p = -5*i. Let h = i - 0. What is the units digit of h?
5
Let d(w) = 2*w**2 + 14*w + 3. Let c(i) = -i**2 - 13*i - 3. Let k(p) = -3*c(p) - 2*d(p). What is the units digit of k(6)?
3
Suppose 2*k + 1 = 3. What is the units digit of (-11)/(-2) - k/2?
5
Suppose 0 = 7*z - 2*z - 10. Suppose 5*x - 12 = -z. Suppose w + 4*p = -3, p + 1 + x = 0. What is the units digit of w?
9
Let d be (-6)/(-4)*(3 - 9). Let p be -2 + (-6)/(-2) + 25. Let i = d + p. What is the units digit of i?
7
Let i = 63 + -5. What is the tens digit of i?
5
Suppose -d - 4*u - 3 = -19, -4*d = -3*u - 7. Let o(t) = 0 - 3 + 2 + d*t. What is the tens digit of o(4)?
1
Let l(o) be the third derivative of -1/24*o**4 + 0 + o**2 - 1/3*o**3 + 0*o. What is the units digit of l(-7)?
5
Let h be (-35)/(-4) - (-5)/20. Let g = h - 4. Suppose -2 = -2*k - 3*c, g*c + 30 = 2*k + c. What is the units digit of k?
7
Suppose 4*g + c - 4 = -0*g, -6 = g + 2*c. Let y(o) = -2*o + 0*o + g + 3*o. What is the units digit of y(6)?
8
Suppose 2*w - 137 = 2*j + 313, 2*w + 4*j - 450 = 0. What is the units digit of w?
5
Let f(r) = 4*r + 4. Let z be f(-5). Let l = z + 28. What is the tens digit of l?
1
What is the units digit of (-275)/40*(-6)/15*100?
5
Let b = -2 - -11. What is the tens digit of (1 - (-15)/b)*6?
1
Let g = 145 + -67. What is the units digit of g?
8
Let u(v) = v + 4*v - 4*v + 2. Let i be u(-5). Let z = 4 + i. What is the units digit of z?
1
Let p(l) be the second derivative of l + 0 + 1/3*l**3 - 3/2*l**2. What is the units digit of p(4)?
5
Let h be 3/(-2) + (-22)/4. Let k(j) = j + 9. Let q be k(h). What is the units digit of (-15)/(1/(q/(-3)))?
0
Let l(g) = -g**2 - 15*g + 9. What is the units digit of l(-15)?
9
Let r be ((-96)/(-12))/(2/15). Suppose 3*i = 5*i - r. What is the tens digit of i?
3
Let d = -18 + 38. What is the tens digit of ((-28)/(-5))/(8/d)?
1
Let m(h) = -h**3 - 11*h**2 - 11*h + 1. Let g = -3 + 12. Let i be (g + 11)*(-1)/2. What is the tens digit of m(i)?
1
Let h(l) be the second derivative of l**4/6 - 2*l**3/3 + l**2 - l. What is the units digit of h(2)?
2
Let u(r) = r**2 - 2*r - 6. Let n = 11 - 6. What is the units digit of u(n)?
9
Suppose 0 = s - 5*q - 130, -4*q + 407 = 3*s - 2*q. What is the hundreds digit of s?
1
Suppose -2*o = -5*x + o - 93, 79 = -3*x - 4*o. Suppose -4*f + 2*u + 126 = 0, -f - 2*f + 67 = 4*u. Let d = f + x. What is the units digit of d?
8
Let t(x) = -x + 2. What is the tens digit of t(-8)?
1
Let a(b) = -18*b - 16. What is the hundreds digit of a(-8)?
1
Let s(m) = -m**2 + 3*m + 4. Let c be s(4). Suppose -k - 15 = 5*b, 5*k - 3*b - 37 = -c*k. Let r = 1 + k. What is the units digit of r?
6
Suppose 4*o - 168 = -20. Let h = 60 - o. What is the tens digit of h?
2
Let b = 7 + -5. Suppose 2*h + 30 = b*c, 3*h + 3 + 12 = c. What is the tens digit of c?
1
Suppose 7*m = 4*m + 5*h + 169, -3*m = 2*h - 176. What is the units digit of m?
8
Suppose 0 = -3*k - 3*b + 945, -8*b + 3*b - 929 = -3*k. What is the tens digit of k?
1
Let y(q) = -36*q - 5. What is the units digit of y(-2)?
7
Let f(p) = p**2 + 11*p + 12. Let h be f(-10). Suppose -h*u - 62 = -2*n, -3*n + 6*u - 5*u = -83. What is the units digit of n?
6
Suppose -5*v - 3 = 5*h - 43, -h - 3*v = 0. What is the units digit of h?
2
Let t(g) be the first derivative of g**3 + 0*g - 1/2*g**2 - 1. What is the units digit of t(-2)?
4
Suppose -4*g - 1 = -5*g. Let a be 35/21 + g/3. Suppose a*q = -3*q - 5*k + 90, -4*k = 3*q - 58. What is the tens digit of q?
1
Suppose -6*t = -t - 15. Let u be (-2 - (18 - t)) + -2. What is the tens digit of (3 - (-12)/(-3))*u?
1
Suppose -1099 = -8*x + x. What is the hundreds digit of x?
1
Suppose 5*v - 53 = 107. What is the tens digit of v?
3
Suppose -127 = -4*q - 27. What is the units digit of q?
5
Let l(u) = 7*u + 2. What is the units digit of l(5)?
7
Suppose -k + 15 = 4*k. Suppose k*q + 41 = v, -q = 3*v - 2*q - 83. What is the units digit of v?
6
Let w = 66 + 24. What is the tens digit of w?
9
Suppose 5*b - 624 + 64 = -3*k, -3*b = 5*k - 336. What is the tens digit of b?
1
Suppose f + 8 = 5*f. Suppose -2*r + 8 = -f. Suppose 0 = -r*j + 10 + 20. What is the units digit of j?
6
Suppose -2*q + 3*v - 37 = -2*v, -15 = -5*v. Let h = 15 + q. Suppose g + 33 = h*g. What is the tens digit of g?
1
Suppose -2*t = -6*t + 76. Let a = t - 18. What is the units digit of a?
1
Suppose -3*j - 13 = 5. Let q(g) = g - 19. Let y be q(10). Let k = j - y. What is the units digit of k?
3
Let d = 255 - -91. What is the hundreds digit of d?
3
Let q(l) be the second derivative of l**4/12 + 2*l**3 + 8*l**2 + 3*l. What is the units digit of q(-11)?
5
Suppose 2*k = 4*k - 414. What is the tens digit of k?
0
Let f = 1 + 3. Let m be (10/25)/(1/(-5)). Let l = f + m. What is the units digit of l?
2
Let j(p) = -7*p + 4. Let w(i) = -15*i + 8. Let z(v) = -9*j(v) + 4*w(v). Suppose 5*s - 10 = -2*c + 1, -4 = 2*c. What is the units digit of z(s)?
5
Let f(j) = -2*j**2 - 3*j - 7. Let c(x) = 4*x**2 + 11 - x**2 + 2*x + 3*x. Let i(g) = -5*c(g) - 8*f(g). What is the units digit of i(3)?
7
Let o = 38 - 26. Suppose -o = 3*m - 60. What is the tens digit of m?
1
Suppose 4*x + 496 = 4*v, 0 = -4*x + 10 - 2. What is the hundreds digit of v?
1
Let u(l) = -l**3 + 3. Let c be u(0). Let j = 3 + c. What is the units digit of j?
6
Let s = 333 + -180. What is the units digit of s?
3
What is the units digit of 80/6*(-9 - -12)?
0
Let s(d) = d**2 + 7*d - 11. Let o be s(-8). Let u(q) = -3*q - 2. Let z(x) = -12*x - 9. Let t(w) = 9*u(w) - 2*z(w). What is the units digit of t(o)?
9
Let l(q) = -q**3 - 3*q**2 - 2*q + 2. Let u be l(-2). Suppose 0*b + u = 4*w - 2*b, -2*w + 2*b - 2 = 0. What is the units digit of w?
2
Let o = -9 + 12. Suppose -5 = o*d - 4*d. What is the units digit of d?
5
Let n be (-6)/27 + 227/9. Suppose 3*a - n = -2*a. What is the units digit of (2/a)/((-3)/(-45))?
6
Let x = -40 + 27. Let y = -23 - x. Let a(i) = -i**3 - 10*i**2 - 2*i - 7. What is the tens digit of a(y)?
1
Suppose -2*y + 176 = 4*m - 5*m, 0 = y + 2*m - 78. What is the units digit of y?
6
Suppose -5*s + 0*s = -2*d - 17, 10 = 2*s. Suppose -51 = -5*p - 0*p + 2*